culate the greatest common factor of t and v.
8
Let y be (-4)/8*22/(-1). Calculate the highest common divisor of 11 and y.
11
Suppose -3*v + 9 = d - 4, 2*d - v = -9. Let f(x) = -11*x**3 - 3*x**2 - 4*x - 3. Let r be f(d). Let c = -39 + r. What is the highest common divisor of c and 14?
14
Let v = -456 + 690. What is the highest common factor of 26 and v?
26
Let n be 1 + 1 + (-735)/(-7). Let t = 179 - n. Let j(k) = k + 4. Let b be j(4). What is the highest common divisor of b and t?
8
Suppose 6 = 4*x - 2. Let g be (-4 + x/(-1))*-6. What is the highest common divisor of 4 and g?
4
Suppose -4*l - 106 = 54. Let z = l - -139. Suppose c + 4*t - 3 = -6, 5*c - 2*t = 51. Calculate the greatest common divisor of z and c.
9
Suppose -3*b + 0*b + 6 = 0. Suppose -b*n - 1 = -55. Calculate the highest common factor of 18 and n.
9
Let g = -30 + 28. Let d be 6/(-5)*15/g. Let y = 40 - 4. What is the highest common divisor of y and d?
9
Let y = -13 - -41. What is the greatest common divisor of y and 98?
14
Suppose 0*a - 51 = -3*a. Let b = 35 - a. Calculate the greatest common factor of b and 9.
9
Suppose u - 5 = 0, 0*u = h - 2*u - 13. What is the greatest common factor of h and 115?
23
Suppose 3*m + 15 = 0, -15 + 5 = 5*s + 2*m. Let i(k) = k**3 + k + 7. Let t be i(s). What is the greatest common factor of 35 and t?
7
Suppose 3 = -w, f - 9 = 4*w + 15. Let p be (-9)/12 + 309/f. What is the greatest common factor of p and 5?
5
Suppose 39*s = 43*s - 56. Calculate the highest common divisor of s and 7.
7
Suppose -v - 22 = -63. Let o = 77 - v. What is the highest common divisor of o and 12?
12
Suppose i + 4 = 11. Suppose -i = -2*q + 9. Suppose 182 = 2*b + 6. What is the highest common factor of q and b?
8
Let w(r) = -r**2 - 7*r. Let v be w(-6). Suppose -22 = -5*q - 7. Calculate the highest common divisor of q and v.
3
Let t(j) = 13*j - 8. Let a(u) = -53*u + 33. Let m(l) = -2*a(l) - 9*t(l). Let g be m(-6). Suppose 3*r + 4 = 28. What is the greatest common factor of g and r?
8
Let x = -147 - -148. Calculate the greatest common divisor of 11 and x.
1
Suppose -4*h + 50 = -42. Suppose 2*l + l = -5*o + 348, 70 = o + l. What is the greatest common factor of h and o?
23
Let y(m) = -m**3 - 4*m**2 + 5*m + 30. Let k be y(-9). What is the highest common factor of 65 and k?
65
Let t(w) be the third derivative of w**6/120 - w**5/30 + 5*w**4/24 - w**3/3 - 6*w**2. Let m be t(3). What is the highest common divisor of m and 44?
22
Let m(s) = -s**2 - 9*s - 3. Let z be m(-8). Calculate the greatest common divisor of 2 and z.
1
Let s be -4 + (-76)/8*-10. Calculate the greatest common divisor of 13 and s.
13
Let z = 63 - -25. What is the highest common divisor of 8 and z?
8
Let g = 7 - 5. Suppose 5*r - 18 = g*r. What is the greatest common divisor of r and 2?
2
Let a be ((-33)/55)/(2/(-10)). Let d = 1 + a. Calculate the highest common divisor of 6 and d.
2
Let y(s) be the first derivative of 16*s**3/3 - s**2/2 + s + 3. Let b be y(-2). Let p = b - 11. What is the highest common factor of 8 and p?
8
Let k(v) = v**2 - 2*v + 3. Let r be k(-5). Suppose -2*d + 2 = -r. Let c be 404/10 + 16/(-40). What is the highest common divisor of d and c?
20
Let m(h) = h**3 - 10*h**2 - 8*h + 39. Let j be m(11). What is the greatest common factor of j and 18?
18
Let p = -38 - -173. Suppose -6*g = -g - p. Calculate the greatest common factor of g and 3.
3
Let t = 34 - 31. Calculate the greatest common factor of 3 and t.
3
Let i = -103 + 193. What is the highest common divisor of i and 30?
30
Suppose 215 = 3*d + 4*v, -2*d + 6*d = 5*v + 328. Suppose -2*o = -7*o + 4*l + 35, 2*o = -5*l + 47. What is the greatest common divisor of d and o?
11
Let m(s) = -s**2 - 16*s - 15. Let n be m(-12). What is the highest common divisor of n and 22?
11
Let x be ((-84)/49)/((-5)/(490/4)). Calculate the greatest common divisor of x and 28.
14
Suppose 0 = 3*p + 27 + 159. Let q = -29 - p. Let a = 12 + -1. What is the greatest common divisor of q and a?
11
Suppose 0 = -5*d + 10, 0*d - 3*d + 10 = 4*u. Let v = u - -5. What is the highest common divisor of v and 15?
3
Let j(a) = -2*a**3 - a**2 + 2*a + 1. Let z be j(2). Let f = z - -33. What is the highest common divisor of 27 and f?
9
Let q = -5 - -14. Let u be q - (4*-1 - -2). Let j be 2/u + 722/22. What is the greatest common divisor of 11 and j?
11
Let i = 9 + -7. Let y be -2*(-17 - (0 - i)). What is the highest common divisor of 75 and y?
15
Suppose -3*d = d. Let a = 11 - 8. Suppose 5*v - 277 = -4*l, a*l - 204 = -d*l - 3*v. Calculate the highest common factor of l and 9.
9
Suppose 4*t + 35 = 211. What is the greatest common factor of 4 and t?
4
Let y = -7 + 1. Let o be ((-8)/y)/((-6)/(-216)). What is the highest common divisor of o and 16?
16
Let b(f) = -5*f - 10. Let n be b(-7). Let w be 1/(1/6 - 0). Let y(t) = t**2 - 6*t + 5. Let i be y(w). What is the highest common factor of i and n?
5
Let f = -11 - -19. Suppose 85 = -f*l + 9*l. What is the highest common factor of l and 34?
17
Let t = 6 + 2. Let l(o) = o**2 + o - 2. Let g be l(6). Calculate the greatest common factor of t and g.
8
Let a(r) = -r**3 + 6*r**2 + r - 4. Let v be a(6). Let x be 3 + 1*-1 + (-7 - -6). What is the highest common divisor of v and x?
1
Let y(l) = 5*l - 2. Let a = -5 - -8. Let q be y(a). Suppose -c + i = -11, -2*i - 46 = -4*c + i. What is the greatest common divisor of q and c?
13
Let i(r) = 22*r - 11. Let u be i(5). What is the highest common divisor of 9 and u?
9
Let b(n) = -n**3 + 8*n**2 - 4*n - 4. Let z be b(7). Suppose -3*f = -2*d + 139, 100 = 4*d - 4*f - 176. Calculate the highest common divisor of z and d.
17
Let k(r) = 10*r**2 + 3*r - 1. Let d be k(2). Calculate the highest common factor of d and 5.
5
Suppose -13*d + 4*d = -1386. Calculate the greatest common divisor of 14 and d.
14
Suppose -3*i = -4*z + z - 78, -2*z + 8 = 0. Let m = -18 + i. Suppose 4*x + 6 = 38. Calculate the highest common factor of x and m.
4
Let t = 17 - 14. Suppose t*q = 0, 0 = -2*b - 4*q + 5 + 11. What is the highest common factor of 2 and b?
2
Let g(s) be the second derivative of s**4/4 - s**3/3 - s**2 + 3*s. Let y be g(2). What is the highest common divisor of 24 and y?
6
Let y be ((-10)/(-8))/((-1)/(-4)). Calculate the highest common divisor of y and 2.
1
Suppose 0 = -5*p + 36 + 84. Suppose 20 = -5*y, l - 3*y - 12 = -l. Let h = l - -16. What is the greatest common factor of h and p?
8
Let w(o) = 12*o + 4. Let t(x) = -59*x - 21. Let p(r) = 2*t(r) + 11*w(r). Let i be p(1). Calculate the greatest common factor of i and 2.
2
Suppose -n - 5*s + 16 + 6 = 0, 0 = -3*n - s + 10. Suppose 0 = 3*l + c - 23, -3*c + 29 = 6*l - n*l. What is the highest common divisor of l and 12?
4
Let p(g) = -g + 4. Let w be p(5). Let f be (-1 + w)/(-2) - -10. Let d = f + 61. What is the highest common factor of d and 8?
8
Let f(q) = -q**2 - 11*q - 12. Let g be f(-8). Let u = 8 - g. Let p be 258/33 - u/22. Calculate the greatest common factor of 24 and p.
8
Suppose 4*b - b = -12. Let h be 10*((-10)/b)/5. Suppose 3*f + f = -4*u - 8, 3*u + 5*f = -12. What is the highest common divisor of u and h?
1
Suppose -21 = -2*b + 3. Let v be 9/(2*9/b). Let s be (v/18)/(1/15). Calculate the highest common factor of s and 2.
1
Suppose -4 = -2*v - 2*q, 5*v - 2*q + 0*q - 10 = 0. Suppose 0 = -2*l - 2*n + 4, v*n + n + 30 = 3*l. Calculate the highest common divisor of 24 and l.
6
Suppose 3*a = 0, -7*v - 3*a + 102 = -4*v. What is the greatest common divisor of v and 51?
17
Let j(h) = h**3 + 7*h**2 + 3*h - 3. Let p be j(-6). Calculate the highest common factor of 30 and p.
15
Let r = 19 - 9. What is the greatest common factor of r and 90?
10
Let a(b) = 9*b**2 - 5*b + 8. Let x be a(5). What is the highest common factor of x and 26?
26
Let f be -3 - (-4 - (41 - -4)). What is the highest common factor of 115 and f?
23
Let a = 5 + -5. Suppose -5*s = -a*s - 20. Suppose -s*l + 3*l + 6 = 0. Calculate the greatest common divisor of l and 9.
3
Let x = -16 + 61. Calculate the greatest common divisor of 18 and x.
9
Let m = -176 + 309. What is the highest common divisor of m and 7?
7
Suppose 0 = -4*o - 16, 8 = 4*u - 5*u + 2*o. Let h = u + 37. Let a be 23/7 - 10/35. Calculate the greatest common divisor of a and h.
3
Let a be 118 - (-1 - -2)*-2. Let m be a/28 + 2/(-7). Calculate the hi